{"id":3557,"date":"2017-12-19T21:19:39","date_gmt":"2017-12-19T21:19:39","guid":{"rendered":"http:\/\/ilab3.aps.edu.pl\/?page_id=3557"},"modified":"2017-12-19T21:19:39","modified_gmt":"2017-12-19T21:19:39","slug":"3557-2","status":"publish","type":"page","link":"https:\/\/ilab3.aps.edu.pl\/?page_id=3557","title":{"rendered":""},"content":{"rendered":"<h1 align=\"justify\">Podpora<\/h1>\n<p align=\"justify\"><span id=\"result_box\" class=\"\" lang=\"cs\"><span class=\"\">V p\u0159\u00edpad\u011b, \u017ee pot\u0159ebujete va\u0161i pomoc. Vytvo\u0159en\u00ed vlastn\u00edho iLabu.<\/span><\/span><\/p>\n<h2>Kontakt<\/h2>\n<p>Mr. Mariusz Fila<br \/>\nAkademia Pedagogiki Specjalnej<br \/>\nul. Szcz\u0119\u015bliwicka 40<br \/>\nWarszawa 02-353<br \/>\ne-mail: <a href=\"mailto:ilab3@aps.edu.pl\">ilab3@aps.edu.pl<\/a><\/p>\n","protected":false},"excerpt":{"rendered":"<p>Podpora V p\u0159\u00edpad\u011b, \u017ee pot\u0159ebujete va\u0161i pomoc. Vytvo\u0159en\u00ed vlastn\u00edho iLabu. Kontakt Mr. Mariusz Fila Akademia Pedagogiki Specjalnej ul. Szcz\u0119\u015bliwicka 40 Warszawa 02-353 e-mail: ilab3@aps.edu.pl<\/p>\n","protected":false},"author":1,"featured_media":0,"parent":0,"menu_order":0,"comment_status":"closed","ping_status":"closed","template":"","meta":{"_bbp_topic_count":0,"_bbp_reply_count":0,"_bbp_total_topic_count":0,"_bbp_total_reply_count":0,"_bbp_voice_count":0,"_bbp_anonymous_reply_count":0,"_bbp_topic_count_hidden":0,"_bbp_reply_count_hidden":0,"_bbp_forum_subforum_count":0,"ngg_post_thumbnail":0,"footnotes":""},"class_list":["post-3557","page","type-page","status-publish","hentry"],"_links":{"self":[{"href":"https:\/\/ilab3.aps.edu.pl\/index.php?rest_route=\/wp\/v2\/pages\/3557","targetHints":{"allow":["GET"]}}],"collection":[{"href":"https:\/\/ilab3.aps.edu.pl\/index.php?rest_route=\/wp\/v2\/pages"}],"about":[{"href":"https:\/\/ilab3.aps.edu.pl\/index.php?rest_route=\/wp\/v2\/types\/page"}],"author":[{"embeddable":true,"href":"https:\/\/ilab3.aps.edu.pl\/index.php?rest_route=\/wp\/v2\/users\/1"}],"replies":[{"embeddable":true,"href":"https:\/\/ilab3.aps.edu.pl\/index.php?rest_route=%2Fwp%2Fv2%2Fcomments&post=3557"}],"version-history":[{"count":1,"href":"https:\/\/ilab3.aps.edu.pl\/index.php?rest_route=\/wp\/v2\/pages\/3557\/revisions"}],"predecessor-version":[{"id":3558,"href":"https:\/\/ilab3.aps.edu.pl\/index.php?rest_route=\/wp\/v2\/pages\/3557\/revisions\/3558"}],"wp:attachment":[{"href":"https:\/\/ilab3.aps.edu.pl\/index.php?rest_route=%2Fwp%2Fv2%2Fmedia&parent=3557"}],"curies":[{"name":"wp","href":"https:\/\/api.w.org\/{rel}","templated":true}]}}