{"id":240,"date":"2015-02-23T21:01:17","date_gmt":"2015-02-23T21:01:17","guid":{"rendered":"http:\/\/ilab3.aps.edu.pl\/?page_id=240"},"modified":"2017-05-28T17:55:46","modified_gmt":"2017-05-28T17:55:46","slug":"240-2","status":"publish","type":"page","link":"https:\/\/ilab3.aps.edu.pl\/?page_id=240","title":{"rendered":"Palack\u00fd University"},"content":{"rendered":"<h1>Uniwersytet Palackiego w O\u0142omu\u0144cu, Czechy<\/h1>\n<p><a href=\"http:\/\/ilab3.aps.edu.pl\/wp-content\/uploads\/2015\/04\/850x345-rektorat.jpg\" rel=\"attachment wp-att-1400\"><img loading=\"lazy\" decoding=\"async\" class=\"size-medium wp-image-1400 aligncenter\" src=\"http:\/\/ilab3.aps.edu.pl\/wp-content\/uploads\/2015\/04\/850x345-rektorat-300x122.jpg\" alt=\"850x345-rektorat\" height=\"122\" width=\"300\" srcset=\"https:\/\/ilab3.aps.edu.pl\/wp-content\/uploads\/2015\/04\/850x345-rektorat-300x122.jpg 300w, https:\/\/ilab3.aps.edu.pl\/wp-content\/uploads\/2015\/04\/850x345-rektorat-768x312.jpg 768w, https:\/\/ilab3.aps.edu.pl\/wp-content\/uploads\/2015\/04\/850x345-rektorat.jpg 850w\" sizes=\"auto, (max-width: 300px) 100vw, 300px\" \/><\/a><\/p>\n<p><span id=\"result_box\" class=\"\" lang=\"pl\"><span class=\"\">Uniwersytet Palackiego w O\u0142omu\u0144cu jest uczelni\u0105 z<\/span><span class=\"\">a\u0142o\u017con\u0105 w XVI wieku, co sprawia, \u017ce jest najstarsz\u0105 uczelni\u0105 na Morawach i drug\u0105 najstarsz\u0105 uczelni\u0105 w Republice Czeskiej.<\/span> <span class=\"\">Dzisiaj jest to nowoczesny o\u015brodek szkolnictwa wy\u017cszego z szerok\u0105 gam\u0105 program\u00f3w studi\u00f3w oraz obszernych dzia\u0142a\u0144 naukowych i badawczych.<\/span> <span class=\"\">Na o\u015bmiu wydzia\u0142ach studiuje prawie 22 000 student\u00f3w.<\/span> <span class=\"\">Uniwersytet Palackiego w O\u0142omu\u0144cu jest jednym z najlepszych uniwersytet\u00f3w czeskich. Wysoko plasuje si\u0119 tak\u017ce w rankingach mi\u0119dzynarodowych.<br \/>\n<\/span><\/span><\/p>\n<p>Wi\u0119cej informacji o Uniwersytecie Palackiego w O\u0142omu\u0144cu mo\u017cna znale\u017a\u0107: <a href=\"https:\/\/www.upol.cz\/pl\/\">www.upol.cz\/pl<\/a><\/p>\n<p><strong>Osoby do kontaktu:<\/strong><\/p>\n<p><span class=\"_pe_g1 _pe_q1 ms-font-size-xxl ms-fwt-r ms-font-color-neutralPrimary _pe_01 bidi allowTextSelection\" tabindex=\"0\" title=\"Matus Sucha\">Matus Sucha<\/span>: <a class=\"o365button\"><span class=\"ms-font-s ms-font-color-themePrimary\" title=\"matus.sucha@upol.cz\">matus.sucha@upol.cz<\/span><\/a><\/p>\n<p><span class=\"_pe_g1 _pe_q1 ms-font-size-xxl ms-fwt-r ms-font-color-neutralPrimary _pe_01 bidi allowTextSelection\" tabindex=\"0\" title=\"Jan Smahaj\">Jan Smahaj<\/span>: <a class=\"o365button\"><span class=\"ms-font-s ms-font-color-themePrimary\" title=\"jan.smahaj@upol.cz\">jan.smahaj@upol.cz<\/span><\/a><\/p>\n<p><span class=\"_pe_g1 _pe_q1 ms-font-size-xxl ms-fwt-r ms-font-color-neutralPrimary _pe_01 bidi allowTextSelection\" tabindex=\"0\" title=\"Martin Zielina\">Martin Zielina: <a class=\"o365button\"><span class=\"ms-font-s ms-font-color-themePrimary\" title=\"martin.zielina@upol.cz\">martin.zielina@upol.cz<\/span><\/a><\/span><\/p>\n<p><span class=\"_pe_g1 _pe_q1 ms-font-size-xxl ms-fwt-r ms-font-color-neutralPrimary _pe_01 bidi allowTextSelection\" tabindex=\"0\" title=\"Sedlackova Zuzana\">Zuzana Sedlackova: <a class=\"o365button\"><span class=\"ms-font-s ms-font-color-themePrimary\" title=\"zuzana.sedlackova@upol.cz\">zuzana.sedlackova@upol.cz<\/span><\/a><br \/>\n<\/span><\/p>\n<p>&nbsp;<\/p>\n","protected":false},"excerpt":{"rendered":"<p>Uniwersytet Palackiego w O\u0142omu\u0144cu, Czechy Uniwersytet Palackiego w O\u0142omu\u0144cu jest uczelni\u0105 za\u0142o\u017con\u0105 w XVI wieku, co sprawia, \u017ce jest najstarsz\u0105 uczelni\u0105 na Morawach i drug\u0105 najstarsz\u0105 uczelni\u0105 w Republice Czeskiej. Dzisiaj jest to nowoczesny o\u015brodek szkolnictwa wy\u017cszego z szerok\u0105 gam\u0105 program\u00f3w studi\u00f3w oraz obszernych dzia\u0142a\u0144 naukowych i badawczych. Na o\u015bmiu wydzia\u0142ach studiuje prawie 22 000<\/p>\n","protected":false},"author":1,"featured_media":0,"parent":43,"menu_order":0,"comment_status":"closed","ping_status":"closed","template":"page-template-full.php","meta":{"_bbp_topic_count":0,"_bbp_reply_count":0,"_bbp_total_topic_count":0,"_bbp_total_reply_count":0,"_bbp_voice_count":0,"_bbp_anonymous_reply_count":0,"_bbp_topic_count_hidden":0,"_bbp_reply_count_hidden":0,"_bbp_forum_subforum_count":0,"ngg_post_thumbnail":0,"footnotes":""},"class_list":["post-240","page","type-page","status-publish","hentry"],"_links":{"self":[{"href":"https:\/\/ilab3.aps.edu.pl\/index.php?rest_route=\/wp\/v2\/pages\/240","targetHints":{"allow":["GET"]}}],"collection":[{"href":"https:\/\/ilab3.aps.edu.pl\/index.php?rest_route=\/wp\/v2\/pages"}],"about":[{"href":"https:\/\/ilab3.aps.edu.pl\/index.php?rest_route=\/wp\/v2\/types\/page"}],"author":[{"embeddable":true,"href":"https:\/\/ilab3.aps.edu.pl\/index.php?rest_route=\/wp\/v2\/users\/1"}],"replies":[{"embeddable":true,"href":"https:\/\/ilab3.aps.edu.pl\/index.php?rest_route=%2Fwp%2Fv2%2Fcomments&post=240"}],"version-history":[{"count":7,"href":"https:\/\/ilab3.aps.edu.pl\/index.php?rest_route=\/wp\/v2\/pages\/240\/revisions"}],"predecessor-version":[{"id":2513,"href":"https:\/\/ilab3.aps.edu.pl\/index.php?rest_route=\/wp\/v2\/pages\/240\/revisions\/2513"}],"up":[{"embeddable":true,"href":"https:\/\/ilab3.aps.edu.pl\/index.php?rest_route=\/wp\/v2\/pages\/43"}],"wp:attachment":[{"href":"https:\/\/ilab3.aps.edu.pl\/index.php?rest_route=%2Fwp%2Fv2%2Fmedia&parent=240"}],"curies":[{"name":"wp","href":"https:\/\/api.w.org\/{rel}","templated":true}]}}