{"id":16,"date":"2015-02-23T09:17:46","date_gmt":"2015-02-23T09:17:46","guid":{"rendered":"http:\/\/ilab3.aps.edu.pl\/?page_id=16"},"modified":"2017-05-17T22:47:31","modified_gmt":"2017-05-17T22:47:31","slug":"o-projekcie","status":"publish","type":"page","link":"https:\/\/ilab3.aps.edu.pl\/?page_id=16","title":{"rendered":"O projekcie"},"content":{"rendered":"<h1 style=\"text-align: center;\">LABORATORIA INNOWACJI W ROZWOJU KOMPETENCJI NAUCZYCIELI PEDAGOGIKI SPECJALNEJ I OS\u00d3B ZE SPECJALNYMI POTRZEBAMI EDUKACYJNYMI<\/h1>\n<p style=\"text-align: center;\"><a href=\"http:\/\/ilab3.aps.edu.pl\/wp-content\/uploads\/2015\/02\/erasmus.png\"><img loading=\"lazy\" decoding=\"async\" class=\"alignnone size-full wp-image-274\" src=\"http:\/\/ilab3.aps.edu.pl\/wp-content\/uploads\/2015\/02\/erasmus.png\" alt=\"erasmus\" width=\"228\" height=\"65\"><\/a><br \/>\nProjekt realizowany w ramach Programu \u201eErasmus+\u201d<br \/>\nAkcja KA2 &#8211; Wsp\u00f3\u0142praca na rzecz Innowacji i wymiany dobrych praktyk,<br \/>\nPartnerstwa Strategiczne na rzecz kszta\u0142cenia i szkole\u0144 zawodowych<\/p>\n<p style=\"text-align: center;\">Nr projektu: 2014-1-PL01-KA202-003428<\/p>\n<h2 style=\"text-align: left;\"><strong>Termin realizacji:<\/strong> 01.09.2014-31.08.2017<\/h2>\n<p>Cel projektu:<\/p>\n<p style=\"text-align: left;\">Celem projektu jest wymiana do\u015bwiadcze\u0144 i dobrych praktyk w zakresie organizowania procesu dydaktycznego z wykorzystaniem nowych metod kszta\u0142cenia, dost\u0119pnych przez zastosowanie Laboratori\u00f3w Innowacji w dydaktyce przedmiot\u00f3w zawodowych i specjalistycznych. Cel ten zostanie osi\u0105gni\u0119ty poprzez utworzenie nowych laboratori\u00f3w w instytucjach partnerskich, szkolenie nauczycieli pedagogiki specjalnej w zakresie wykorzystania i-Labu w procesie dydaktycznym, wdro\u017cenie i-Labu do kszta\u0142cenia nauczycieli pedagogiki specjalnej oraz os\u00f3b o specjalnych potrzebach edukacyjnych.<\/p>\n<h2 style=\"text-align: left;\">Partnerzy w projekcie:<\/h2>\n<ul>\n<li style=\"text-align: left;\">Akademia Pedagogiki Specjalnej im. Marii Grzegorzewskiej, Polska &#8211; Lider Projektu<\/li>\n<li style=\"text-align: left;\">Instytut Technologii Eksploatacji-Panstwowy Instytut Badawczy, Polska<\/li>\n<li style=\"text-align: left;\">CEIPES &#8211; Centro Internazionale per la Promozione dell Educazione e lo Sviluppo, W\u0142ochy<\/li>\n<li style=\"text-align: left;\">CJD Maximiliansau, Niemcy<\/li>\n<li style=\"text-align: left;\">Univerzita Palack\u00e9ho v Olomouci, Czechy<\/li>\n<\/ul>\n<h2>Opis planowanych dzia\u0142a\u0144 i roli partner\u00f3w:<\/h2>\n<h3 style=\"padding-left: 30px;\">Dzia\u0142ania podejmowane w partnerstwie:<\/h3>\n<ul>\n<li>Przeprowadzenie bada\u0144 i opracowanie raportu \u201eOrganizacyjne i edukacyjne potrzeby nauczycieli os\u00f3b z niepe\u0142nosprawno\u015bci\u0105\u201d, kt\u00f3ry pozwoli na przyj\u0119cie takich rozwi\u0105za\u0144 w ramach projektu, kt\u00f3re b\u0119d\u0105 w najwi\u0119kszym stopniu odpowiada\u0142y zdiagnozowanym potrzebom. Badania prowadzone b\u0119d\u0105 na terenie kraj\u00f3w instytucji partnerskich.<\/li>\n<li>Uruchomione zostan\u0105 nowe Laboratoria Innowacji. Instytucje partnerskie (APS-PL, CZ, DE, IT) dla potrzeb laboratorium wydziel\u0105 przestrze\u0144, kt\u00f3ra zostanie zaaran\u017cowana zgodnie z zasadami funkcjonowania Laboratori\u00f3w Innowacji. Laboratoria zostan\u0105 wyposa\u017cone w odpowiedni sprz\u0119t komputerowy oraz materia\u0142y s\u0142u\u017c\u0105ce rozwojowi kreatywno\u015bci i pobudzaniu tw\u00f3rczego my\u015blenia.<\/li>\n<li>Opracowane zostan\u0105 nowe wersje j\u0119zykowe oprogramowania VirtualBrainstorm (VBS), kt\u00f3re jest podstaw\u0105 funkcjonowania Laboratorium Innowacji. Oprogramowanie to powsta\u0142o dla potrzeb funkcjonuj\u0105cego w ITeE-PIB w Radomiu Laboratorium Innowacji, w ramach projektu zostanie udost\u0119pnione Partnerom.<br \/>\nZorganizowane zostanie szkolenie z zakresu administrowania oprogramowaniem VBS oraz moderowania (facilitacji) sesji i-Lab.<\/li>\n<li>Opracowane zostan\u0105 scenariusze wykorzystania Laboratorium Innowacji w procesie dydaktycznym.<\/li>\n<li>Laboratoria Innowacji zostan\u0105 wdro\u017cone do praktyki kszta\u0142cenia nauczycieli pedagogiki specjalnej oraz os\u00f3b o specjalnych potrzebach edukacyjnych.<\/li>\n<\/ul>\n<h3 style=\"padding-left: 30px;\">Rola partner\u00f3w:<\/h3>\n<p style=\"padding-left: 30px;\"><strong>Akademia Pedagogiki Specjalnej (Polska) &#8211; Lider<\/strong><br \/>\nzarz\u0105dzanie projektem, koordynowanie i nadz\u00f3r nad dzia\u0142aniami podejmowanymi w ramach partnerstwa, zorganizowanie i przeprowadzenie bada\u0144 \u201eOrganizacyjne i edukacyjne potrzeby nauczycieli os\u00f3b z niepe\u0142nosprawno\u015bci\u0105\u201d, uruchomienie Laboratorium Innowacji, stworzenie strony internetowej jako platformy informacyjno-komunikacyjnej, zorganizowanie cyklu sesji pokazowych, maj\u0105cych na celu zaprezentowanie mo\u017cliwo\u015bci wykorzystania i-Labu w procesie dydaktycznym, opracowanie scenariuszy wykorzystania Laboratorium Innowacji w procesie dydaktycznym, wdro\u017cenie i-Labu do praktyki kszta\u0142cenia nauczycieli pedagogiki specjalnej oraz os\u00f3b o specjalnych potrzebach edukacyjnych.<\/p>\n<p style=\"padding-left: 30px;\"><strong>Instytut Technologii Eksploatacji \u2013 PIB (Polska)<\/strong><br \/>\nmerytoryczny nadz\u00f3r i wsparcie nad procesem uruchamiania Laboratori\u00f3w Innowacji oraz wdra\u017cania ich do praktyki kszta\u0142cenia, opracowanie nowych wersji j\u0119zykowych oprogramowania i udost\u0119pnienie oprogramowania partnerom, ewaluacja projektu, zorganizowanie i poprowadzenie szkolenia dla administrator\u00f3w oprogramowania i facilitator\u00f3w sesji i-Lab, zapewnienie wsparcia dla facilitator\u00f3w zakresie organizowania i prowadzenia sesji i-Lab.<\/p>\n<p style=\"padding-left: 30px;\"><strong>Centro Internazionale per la Promozione dell Educazione e lo Sviluppo \u2013 CEIPES (W\u0142ochy),<\/strong><br \/>\n<strong>CJD Maximiliansau (Niemcy),<\/strong><br \/>\n<strong>Univerzita Palack\u00e9ho v Olomouci, Czechy (Czechy)<\/strong><br \/>\nudzia\u0142 w badaniach \u201eOrganizacyjne i edukacyjne potrzeby nauczycieli os\u00f3b z niepe\u0142nosprawno\u015bci\u0105\u201d, uruchomienie Laboratorium Innowacji, zorganizowanie cyklu sesji pokazowych, maj\u0105cych na celu zaprezentowanie mo\u017cliwo\u015bci wykorzystania i-Labu w procesie dydaktycznym, opracowanie scenariuszy wykorzystania Laboratorium Innowacji w procesie dydaktycznym, wdro\u017cenie i-Labu do praktyki kszta\u0142cenia nauczycieli pedagogiki specjalnej oraz os\u00f3b o specjalnych potrzebach edukacyjnych.<\/p>\n<h2>Planowane rezultaty\/produkty projektu:<\/h2>\n<ul>\n<li>Raport z bada\u0144 \u201eOrganizacyjne i edukacyjne potrzeby nauczycieli os\u00f3b z niepe\u0142nosprawno\u015bci\u0105\u201d<\/li>\n<li>4 nowe Laboratoria Innowacji<\/li>\n<li>Wzrost kwalifikacji kadry dydaktycznej instytucji partnerskich<\/li>\n<li>Nowe wersje j\u0119zykowe oprogramowania VirtualBrainstorm (VBS)<\/li>\n<li>Cykl sesji pokazowych, maj\u0105cych na celu zaprezentowanie mo\u017cliwo\u015bci wykorzystania i- Labu w procesie dydaktycznym<\/li>\n<li>Scenariusze wykorzystania Laboratorium Innowacji w procesie dydaktycznym<\/li>\n<li>Strona internetowa jako platforma informacyjno-komunikacyjna<\/li>\n<li>Dokumentacja zwi\u0105zana z zarz\u0105dzaniem projektem i ewaluacj\u0105 projektu<\/li>\n<\/ul>\n","protected":false},"excerpt":{"rendered":"<p>LABORATORIA INNOWACJI W ROZWOJU KOMPETENCJI NAUCZYCIELI PEDAGOGIKI SPECJALNEJ I OS\u00d3B ZE SPECJALNYMI POTRZEBAMI EDUKACYJNYMI Projekt realizowany w ramach Programu \u201eErasmus+\u201d Akcja KA2 &#8211; Wsp\u00f3\u0142praca na rzecz Innowacji i wymiany dobrych praktyk, Partnerstwa Strategiczne na rzecz kszta\u0142cenia i szkole\u0144 zawodowych Nr projektu: 2014-1-PL01-KA202-003428 Termin realizacji: 01.09.2014-31.08.2017 Cel projektu: Celem projektu jest wymiana do\u015bwiadcze\u0144 i dobrych praktyk<\/p>\n","protected":false},"author":1,"featured_media":74,"parent":0,"menu_order":0,"comment_status":"closed","ping_status":"closed","template":"page-template-full.php","meta":{"_bbp_topic_count":0,"_bbp_reply_count":0,"_bbp_total_topic_count":0,"_bbp_total_reply_count":0,"_bbp_voice_count":0,"_bbp_anonymous_reply_count":0,"_bbp_topic_count_hidden":0,"_bbp_reply_count_hidden":0,"_bbp_forum_subforum_count":0,"ngg_post_thumbnail":0,"footnotes":""},"class_list":["post-16","page","type-page","status-publish","has-post-thumbnail","hentry"],"_links":{"self":[{"href":"https:\/\/ilab3.aps.edu.pl\/index.php?rest_route=\/wp\/v2\/pages\/16","targetHints":{"allow":["GET"]}}],"collection":[{"href":"https:\/\/ilab3.aps.edu.pl\/index.php?rest_route=\/wp\/v2\/pages"}],"about":[{"href":"https:\/\/ilab3.aps.edu.pl\/index.php?rest_route=\/wp\/v2\/types\/page"}],"author":[{"embeddable":true,"href":"https:\/\/ilab3.aps.edu.pl\/index.php?rest_route=\/wp\/v2\/users\/1"}],"replies":[{"embeddable":true,"href":"https:\/\/ilab3.aps.edu.pl\/index.php?rest_route=%2Fwp%2Fv2%2Fcomments&post=16"}],"version-history":[{"count":34,"href":"https:\/\/ilab3.aps.edu.pl\/index.php?rest_route=\/wp\/v2\/pages\/16\/revisions"}],"predecessor-version":[{"id":2409,"href":"https:\/\/ilab3.aps.edu.pl\/index.php?rest_route=\/wp\/v2\/pages\/16\/revisions\/2409"}],"wp:featuredmedia":[{"embeddable":true,"href":"https:\/\/ilab3.aps.edu.pl\/index.php?rest_route=\/wp\/v2\/media\/74"}],"wp:attachment":[{"href":"https:\/\/ilab3.aps.edu.pl\/index.php?rest_route=%2Fwp%2Fv2%2Fmedia&parent=16"}],"curies":[{"name":"wp","href":"https:\/\/api.w.org\/{rel}","templated":true}]}}

<h1 style="text-align: center;">LABORATORIA INNOWACJI W ROZWOJU KOMPETENCJI NAUCZYCIELI PEDAGOGIKI SPECJALNEJ I OSÓB ZE SPECJALNYMI POTRZEBAMI EDUKACYJNYMI</h1>
<p style="text-align: center;"><a href="http://ilab3.aps.edu.pl/wp-content/uploads/2015/02/erasmus.png"><img loading="lazy" decoding="async" class="alignnone size-full wp-image-274" src="http://ilab3.aps.edu.pl/wp-content/uploads/2015/02/erasmus.png" alt="erasmus" width="228" height="65"></a><br />
Projekt realizowany w ramach Programu „Erasmus+”<br />
Akcja KA2 &#8211; Współpraca na rzecz Innowacji i wymiany dobrych praktyk,<br />
Partnerstwa Strategiczne na rzecz kształcenia i szkoleń zawodowych</p>
<p style="text-align: center;">Nr projektu: 2014-1-PL01-KA202-003428</p>
<h2 style="text-align: left;"><strong>Termin realizacji:</strong> 01.09.2014-31.08.2017</h2>
<p>Cel projektu:</p>
<p style="text-align: left;">Celem projektu jest wymiana doświadczeń i dobrych praktyk w zakresie organizowania procesu dydaktycznego z wykorzystaniem nowych metod kształcenia, dostępnych przez zastosowanie Laboratoriów Innowacji w dydaktyce przedmiotów zawodowych i specjalistycznych. Cel ten zostanie osiągnięty poprzez utworzenie nowych laboratoriów w instytucjach partnerskich, szkolenie nauczycieli pedagogiki specjalnej w zakresie wykorzystania i-Labu w procesie dydaktycznym, wdrożenie i-Labu do kształcenia nauczycieli pedagogiki specjalnej oraz osób o specjalnych potrzebach edukacyjnych.</p>
<h2 style="text-align: left;">Partnerzy w projekcie:</h2>
<ul>
<li style="text-align: left;">Akademia Pedagogiki Specjalnej im. Marii Grzegorzewskiej, Polska &#8211; Lider Projektu</li>
<li style="text-align: left;">Instytut Technologii Eksploatacji-Panstwowy Instytut Badawczy, Polska</li>
<li style="text-align: left;">CEIPES &#8211; Centro Internazionale per la Promozione dell Educazione e lo Sviluppo, Włochy</li>
<li style="text-align: left;">CJD Maximiliansau, Niemcy</li>
<li style="text-align: left;">Univerzita Palackého v Olomouci, Czechy</li>
</ul>
<h2>Opis planowanych działań i roli partnerów:</h2>
<h3 style="padding-left: 30px;">Działania podejmowane w partnerstwie:</h3>
<ul>
<li>Przeprowadzenie badań i opracowanie raportu „Organizacyjne i edukacyjne potrzeby nauczycieli osób z niepełnosprawnością”, który pozwoli na przyjęcie takich rozwiązań w ramach projektu, które będą w największym stopniu odpowiadały zdiagnozowanym potrzebom. Badania prowadzone będą na terenie krajów instytucji partnerskich.</li>
<li>Uruchomione zostaną nowe Laboratoria Innowacji. Instytucje partnerskie (APS-PL, CZ, DE, IT) dla potrzeb laboratorium wydzielą przestrzeń, która zostanie zaaranżowana zgodnie z zasadami funkcjonowania Laboratoriów Innowacji. Laboratoria zostaną wyposażone w odpowiedni sprzęt komputerowy oraz materiały służące rozwojowi kreatywności i pobudzaniu twórczego myślenia.</li>
<li>Opracowane zostaną nowe wersje językowe oprogramowania VirtualBrainstorm (VBS), które jest podstawą funkcjonowania Laboratorium Innowacji. Oprogramowanie to powstało dla potrzeb funkcjonującego w ITeE-PIB w Radomiu Laboratorium Innowacji, w ramach projektu zostanie udostępnione Partnerom.<br />
Zorganizowane zostanie szkolenie z zakresu administrowania oprogramowaniem VBS oraz moderowania (facilitacji) sesji i-Lab.</li>
<li>Opracowane zostaną scenariusze wykorzystania Laboratorium Innowacji w procesie dydaktycznym.</li>
<li>Laboratoria Innowacji zostaną wdrożone do praktyki kształcenia nauczycieli pedagogiki specjalnej oraz osób o specjalnych potrzebach edukacyjnych.</li>
</ul>
<h3 style="padding-left: 30px;">Rola partnerów:</h3>
<p style="padding-left: 30px;"><strong>Akademia Pedagogiki Specjalnej (Polska) &#8211; Lider</strong><br />
zarządzanie projektem, koordynowanie i nadzór nad działaniami podejmowanymi w ramach partnerstwa, zorganizowanie i przeprowadzenie badań „Organizacyjne i edukacyjne potrzeby nauczycieli osób z niepełnosprawnością”, uruchomienie Laboratorium Innowacji, stworzenie strony internetowej jako platformy informacyjno-komunikacyjnej, zorganizowanie cyklu sesji pokazowych, mających na celu zaprezentowanie możliwości wykorzystania i-Labu w procesie dydaktycznym, opracowanie scenariuszy wykorzystania Laboratorium Innowacji w procesie dydaktycznym, wdrożenie i-Labu do praktyki kształcenia nauczycieli pedagogiki specjalnej oraz osób o specjalnych potrzebach edukacyjnych.</p>
<p style="padding-left: 30px;"><strong>Instytut Technologii Eksploatacji – PIB (Polska)</strong><br />
merytoryczny nadzór i wsparcie nad procesem uruchamiania Laboratoriów Innowacji oraz wdrażania ich do praktyki kształcenia, opracowanie nowych wersji językowych oprogramowania i udostępnienie oprogramowania partnerom, ewaluacja projektu, zorganizowanie i poprowadzenie szkolenia dla administratorów oprogramowania i facilitatorów sesji i-Lab, zapewnienie wsparcia dla facilitatorów zakresie organizowania i prowadzenia sesji i-Lab.</p>
<p style="padding-left: 30px;"><strong>Centro Internazionale per la Promozione dell Educazione e lo Sviluppo – CEIPES (Włochy),</strong><br />
<strong>CJD Maximiliansau (Niemcy),</strong><br />
<strong>Univerzita Palackého v Olomouci, Czechy (Czechy)</strong><br />
udział w badaniach „Organizacyjne i edukacyjne potrzeby nauczycieli osób z niepełnosprawnością”, uruchomienie Laboratorium Innowacji, zorganizowanie cyklu sesji pokazowych, mających na celu zaprezentowanie możliwości wykorzystania i-Labu w procesie dydaktycznym, opracowanie scenariuszy wykorzystania Laboratorium Innowacji w procesie dydaktycznym, wdrożenie i-Labu do praktyki kształcenia nauczycieli pedagogiki specjalnej oraz osób o specjalnych potrzebach edukacyjnych.</p>
<h2>Planowane rezultaty/produkty projektu:</h2>
<ul>
<li>Raport z badań „Organizacyjne i edukacyjne potrzeby nauczycieli osób z niepełnosprawnością”</li>
<li>4 nowe Laboratoria Innowacji</li>
<li>Wzrost kwalifikacji kadry dydaktycznej instytucji partnerskich</li>
<li>Nowe wersje językowe oprogramowania VirtualBrainstorm (VBS)</li>
<li>Cykl sesji pokazowych, mających na celu zaprezentowanie możliwości wykorzystania i- Labu w procesie dydaktycznym</li>
<li>Scenariusze wykorzystania Laboratorium Innowacji w procesie dydaktycznym</li>
<li>Strona internetowa jako platforma informacyjno-komunikacyjna</li>
<li>Dokumentacja związana z zarządzaniem projektem i ewaluacją projektu</li>
</ul>

<p>LABORATORIA INNOWACJI W ROZWOJU KOMPETENCJI NAUCZYCIELI PEDAGOGIKI SPECJALNEJ I OSÓB ZE SPECJALNYMI POTRZEBAMI EDUKACYJNYMI Projekt realizowany w ramach Programu „Erasmus+” Akcja KA2 &#8211; Współpraca na rzecz Innowacji i wymiany dobrych praktyk, Partnerstwa Strategiczne na rzecz kształcenia i szkoleń zawodowych Nr projektu: 2014-1-PL01-KA202-003428 Termin realizacji: 01.09.2014-31.08.2017 Cel projektu: Celem projektu jest wymiana doświadczeń i dobrych praktyk</p>
