{"id":227,"date":"2015-02-23T20:56:26","date_gmt":"2015-02-23T20:56:26","guid":{"rendered":"http:\/\/ilab3.aps.edu.pl\/wp-content\/uploads\/2015\/02\/logo_it.png"},"modified":"2017-05-28T17:40:35","modified_gmt":"2017-05-28T17:40:35","slug":"logo_it","status":"inherit","type":"attachment","link":"https:\/\/ilab3.aps.edu.pl\/?attachment_id=227","title":{"rendered":"CEIPES"},"author":1,"featured_media":0,"comment_status":"open","ping_status":"open","template":"","meta":{"_bbp_topic_count":0,"_bbp_reply_count":0,"_bbp_total_topic_count":0,"_bbp_total_reply_count":0,"_bbp_voice_count":0,"_bbp_anonymous_reply_count":0,"_bbp_topic_count_hidden":0,"_bbp_reply_count_hidden":0,"_bbp_forum_subforum_count":0,"ngg_post_thumbnail":0},"class_list":["post-227","attachment","type-attachment","status-inherit","hentry"],"description":{"rendered":"<p class=\"attachment\"><a href='https:\/\/ilab3.aps.edu.pl\/wp-content\/uploads\/2015\/02\/logo_it.png'><img loading=\"lazy\" decoding=\"async\" width=\"150\" height=\"140\" src=\"https:\/\/ilab3.aps.edu.pl\/wp-content\/uploads\/2015\/02\/logo_it.png\" class=\"attachment-medium size-medium\" alt=\"\" \/><\/a><\/p>\n<p>CEIPES jest globaln\u0105 organizacj\u0105 non-profit, dzia\u0142aj\u0105c\u0105 w zakresie rozwoju spo\u0142ecznego i pracy cz\u0142owieka, kt\u00f3ra poprzez edukacj\u0119 d\u0105\u017cy do pokoju i r\u00f3wno\u015bci maj\u0105cego zapewni\u0107 powszechne przestrzeganie praw cz\u0142owieka. Nasz\u0105 misj\u0105 jest promowanie rozwoju jednostek i spo\u0142eczno\u015bci lokalnych poprzez edukacj\u0119, szkolenia, prawa cz\u0142owieka i wsp\u00f3\u0142prac\u0119 mi\u0119dzynarodow\u0105.<\/p>\n<p>Firma CEIPES ma siedzib\u0119 w 5 krajach \u2013 we W\u0142oszech, w Portugalii, w Turcji, na W\u0119grzech i w Belgii.<\/p>\n<p>Nasze cele to:<br \/>\n&#8211; promowanie edukacji ludzi w ka\u017cdym wieku jako narz\u0119dzia wspieraj\u0105cego indywidualny i spo\u0142eczny rozw\u00f3j;<br \/>\n&#8211; walka ze wszystkimi formami dyskryminacji w celu przyczynienia si\u0119 do rozwoju spo\u0142eczno\u015bci i integracji spo\u0142ecznej;<br \/>\n&#8211; zach\u0119canie do dialogu mi\u0119dzykulturowego w celu promowania zrozumienia i poszanowania os\u00f3b z r\u00f3\u017cnych kultur, kt\u00f3re wzbogacaj\u0105 kultur\u0119 dzi\u0119ki dzieleniu si\u0119 warto\u015bciami, tradycjami i innymi sposobami \u017cycia;<br \/>\n&#8211; promowanie pokoju i praw cz\u0142owieka jako jedynego sposobu dotarcia do \u015bwiata r\u00f3wno\u015bci i solidarno\u015bci, w kt\u00f3rym wszyscy ludzie korzystaj\u0105 ze swoich podstawowych praw;<br \/>\n&#8211; prowadzenie projekt\u00f3w wsp\u00f3\u0142pracy mi\u0119dzynarodowej z poszanowaniem r\u00f3wnych szans i zasady samostanowienia ludzi.<\/p>\n<p>Inspiracj\u0105 naszych dzia\u0142a\u0144 s\u0105 warto\u015bci pokoju oraz zasady: r\u00f3wno\u015bci w r\u00f3\u017cnorodno\u015bci, praw cz\u0142owieka, demokracji, aktywnego udzia\u0142u, poszanowania \u015brodowiska, wsp\u00f3\u0142pracy, komunikacji, solidarno\u015bci, integracji spo\u0142ecznej, szacunku, tolerancji i mi\u0119dzykulturowo\u015bci.<\/p>\n<p>Wi\u0119cej informacji mo\u017cna znale\u017a\u0107 na stronie www.ceipes.org.<br \/>\n<strong><br \/>\nOsoby do kontaktu:<\/strong><\/p>\n<p>Musa Kirgar: kirkar@ceipes.org<\/p>\n<p>Fulvio Grassadonio: cir@ceipes.org<\/p>\n"},"caption":{"rendered":"<p>CEIPES jest globaln\u0105 organizacj\u0105 non-profit, dzia\u0142aj\u0105c\u0105 w zakresie rozwoju spo\u0142ecznego i pracy cz\u0142owieka, kt\u00f3ra poprzez edukacj\u0119 d\u0105\u017cy do pokoju i r\u00f3wno\u015bci maj\u0105cego zapewni\u0107 powszechne przestrzeganie praw cz\u0142owieka. Nasz\u0105 misj\u0105 jest promowanie rozwoju jednostek i spo\u0142eczno\u015bci lokalnych poprzez edukacj\u0119, szkolenia, prawa cz\u0142owieka i wsp\u00f3\u0142prac\u0119 mi\u0119dzynarodow\u0105. Firma CEIPES ma siedzib\u0119 w 5 krajach \u2013 we W\u0142oszech, w<\/p>\n"},"alt_text":"","media_type":"image","mime_type":"image\/png","media_details":{"width":150,"height":140,"file":"2015\/02\/logo_it.png","sizes":{"thumbnail":{"file":"logo_it-150x140.png","width":150,"height":140,"mime_type":"image\/png","source_url":"https:\/\/ilab3.aps.edu.pl\/wp-content\/uploads\/2015\/02\/logo_it-150x140.png"},"full":{"file":"logo_it.png","width":150,"height":140,"mime_type":"image\/png","source_url":"https:\/\/ilab3.aps.edu.pl\/wp-content\/uploads\/2015\/02\/logo_it.png"}},"image_meta":{"aperture":0,"credit":"","camera":"","caption":"","created_timestamp":0,"copyright":"","focal_length":0,"iso":0,"shutter_speed":0,"title":"","orientation":0}},"post":223,"source_url":"https:\/\/ilab3.aps.edu.pl\/wp-content\/uploads\/2015\/02\/logo_it.png","_links":{"self":[{"href":"https:\/\/ilab3.aps.edu.pl\/index.php?rest_route=\/wp\/v2\/media\/227","targetHints":{"allow":["GET"]}}],"collection":[{"href":"https:\/\/ilab3.aps.edu.pl\/index.php?rest_route=\/wp\/v2\/media"}],"about":[{"href":"https:\/\/ilab3.aps.edu.pl\/index.php?rest_route=\/wp\/v2\/types\/attachment"}],"author":[{"embeddable":true,"href":"https:\/\/ilab3.aps.edu.pl\/index.php?rest_route=\/wp\/v2\/users\/1"}],"replies":[{"embeddable":true,"href":"https:\/\/ilab3.aps.edu.pl\/index.php?rest_route=%2Fwp%2Fv2%2Fcomments&post=227"}],"wp:attached-to":[{"embeddable":true,"post_type":"page","id":223,"href":"https:\/\/ilab3.aps.edu.pl\/index.php?rest_route=\/wp\/v2\/pages\/223"}],"curies":[{"name":"wp","href":"https:\/\/api.w.org\/{rel}","templated":true}]}}

<p class="attachment"><a href='https://ilab3.aps.edu.pl/wp-content/uploads/2015/02/logo_it.png'><img loading="lazy" decoding="async" width="150" height="140" src="https://ilab3.aps.edu.pl/wp-content/uploads/2015/02/logo_it.png" class="attachment-medium size-medium" alt="" /></a></p>
<p>CEIPES jest globalną organizacją non-profit, działającą w zakresie rozwoju społecznego i pracy człowieka, która poprzez edukację dąży do pokoju i równości mającego zapewnić powszechne przestrzeganie praw człowieka. Naszą misją jest promowanie rozwoju jednostek i społeczności lokalnych poprzez edukację, szkolenia, prawa człowieka i współpracę międzynarodową.</p>
<p>Firma CEIPES ma siedzibę w 5 krajach – we Włoszech, w Portugalii, w Turcji, na Węgrzech i w Belgii.</p>
<p>Nasze cele to:<br />
&#8211; promowanie edukacji ludzi w każdym wieku jako narzędzia wspierającego indywidualny i społeczny rozwój;<br />
&#8211; walka ze wszystkimi formami dyskryminacji w celu przyczynienia się do rozwoju społeczności i integracji społecznej;<br />
&#8211; zachęcanie do dialogu międzykulturowego w celu promowania zrozumienia i poszanowania osób z różnych kultur, które wzbogacają kulturę dzięki dzieleniu się wartościami, tradycjami i innymi sposobami życia;<br />
&#8211; promowanie pokoju i praw człowieka jako jedynego sposobu dotarcia do świata równości i solidarności, w którym wszyscy ludzie korzystają ze swoich podstawowych praw;<br />
&#8211; prowadzenie projektów współpracy międzynarodowej z poszanowaniem równych szans i zasady samostanowienia ludzi.</p>
<p>Inspiracją naszych działań są wartości pokoju oraz zasady: równości w różnorodności, praw człowieka, demokracji, aktywnego udziału, poszanowania środowiska, współpracy, komunikacji, solidarności, integracji społecznej, szacunku, tolerancji i międzykulturowości.</p>
<p>Więcej informacji można znaleźć na stronie www.ceipes.org.<br />
<strong><br />
Osoby do kontaktu:</strong></p>
<p>Musa Kirgar: kirkar@ceipes.org</p>
<p>Fulvio Grassadonio: cir@ceipes.org</p>

<p>CEIPES jest globalną organizacją non-profit, działającą w zakresie rozwoju społecznego i pracy człowieka, która poprzez edukację dąży do pokoju i równości mającego zapewnić powszechne przestrzeganie praw człowieka. Naszą misją jest promowanie rozwoju jednostek i społeczności lokalnych poprzez edukację, szkolenia, prawa człowieka i współpracę międzynarodową. Firma CEIPES ma siedzibę w 5 krajach – we Włoszech, w</p>
